{"id":748,"date":"2018-10-13T12:59:02","date_gmt":"2018-10-13T10:59:02","guid":{"rendered":"http:\/\/betonatort.fr\/?page_id=748"},"modified":"2018-10-24T14:29:15","modified_gmt":"2018-10-24T12:29:15","slug":"demolitions","status":"publish","type":"page","link":"https:\/\/betonatort.fr\/index.php\/demolitions\/","title":{"rendered":"D\u00e9molitions"},"content":{"rendered":"<h1 class=\"entry-title\"><span style=\"font-size: 14pt;\">La rue des Tournelles \u00e0 partir du 10\/10\/2018<\/span><\/h1>\n<p><strong>Le 10 rue des Tournelles<\/strong><\/p>\n<p><img loading=\"lazy\" decoding=\"async\" class=\"alignnone size-medium wp-image-749\" src=\"http:\/\/betonatort.fr\/wp-content\/uploads\/2018\/10\/10-rue-des-Tournelles-d\u00e9truit-300x225.jpg\" alt=\"\" width=\"300\" height=\"225\" srcset=\"https:\/\/betonatort.fr\/wp-content\/uploads\/2018\/10\/10-rue-des-Tournelles-d\u00e9truit-300x225.jpg 300w, https:\/\/betonatort.fr\/wp-content\/uploads\/2018\/10\/10-rue-des-Tournelles-d\u00e9truit.jpg 522w\" sizes=\"auto, (max-width: 300px) 100vw, 300px\" \/><\/p>\n<p>c&rsquo;est une maison du XVII\u00e8me si\u00e8cle qui vient de tomber. A gauche, on voit l&rsquo;arrondi du mur en h\u00e9micycle avec sa borne chasse-roues qui formait la moiti\u00e9 de l&rsquo;entr\u00e9e de la propri\u00e9t\u00e9 de Gaston de Grieu,pr\u00eavot des marchands de 1612 \u00e0 1614 \u00e0 qui Marie de M\u00e9dicis avait confi\u00e9 la r\u00e9alisation de l&rsquo;aqueduc ; la maison attenante \u00e9tait la maison du gardien ou celle du jardinier.<\/p>\n<p><img loading=\"lazy\" decoding=\"async\" class=\"alignnone size-medium wp-image-752\" src=\"http:\/\/betonatort.fr\/wp-content\/uploads\/2018\/10\/Cave-10-rue-des-Tournelles-200x300.jpg\" alt=\"\" width=\"200\" height=\"300\" srcset=\"https:\/\/betonatort.fr\/wp-content\/uploads\/2018\/10\/Cave-10-rue-des-Tournelles-200x300.jpg 200w, https:\/\/betonatort.fr\/wp-content\/uploads\/2018\/10\/Cave-10-rue-des-Tournelles.jpg 392w\" sizes=\"auto, (max-width: 200px) 100vw, 200px\" \/><\/p>\n<p>la cave du XVI\u00e8me si\u00e8cle qui est sous la maison et que l&rsquo;architecte des b\u00e2timents de France avait demand\u00e9 \u00e0 pr\u00e9server au printemps 2018. L&rsquo;architecte des b\u00e2timents de France intervient dans le secteur des abords prot\u00e9g\u00e9s du monument historique de la Roseraie. Son avis est conforme, c&rsquo;est \u00e0 dire qu&rsquo;il n&rsquo;est pas possible au p\u00e9titionnaire de ne pas en tenir compte. Il peut faire un recours gracieux au pr\u00e9fet de r\u00e9gion qui alors r\u00e9unit une commission pour statuer. Ce n&rsquo;est pas ce qui s&rsquo;est produit.<\/p>\n<p><strong>Les 17 et 17 bis de la rue des Tournelles<br \/>\n<\/strong><strong>Ancienne ferme Savy avec le panneau \u00ab\u00a0d\u00e9construction\u00a0\u00bb (???).<\/strong><\/p>\n<p>Ce qui vient d&rsquo;\u00eatre d\u00e9truit est une architecture\u00a0 typique de la r\u00e9gion et v\u00e9ritable identit\u00e9 de la ville de l&rsquo;Hay.<\/p>\n<p>Lucarne \u00e0 foin, porche, chemin pav\u00e9 et caves vout\u00e9es remarquables du 16\u00e8me si\u00e8cle, jardin en paliers bord\u00e9 sur son c\u00f4t\u00e9 est, par un vieux mur poss\u00e9dant encore l\u2019un des derniers puits mitoyen de la rue des Tournelles sont des t\u00e9moignages de l&rsquo;histoire de l&rsquo;Hay.\u00a0 Les fen\u00eatres au ras de la rue indique que cette maison faisait partie d&rsquo;un chais (les barriques n&rsquo;avaient pas besoin d&rsquo;\u00eatre soulev\u00e9es tr\u00e8s haut).<\/p>\n<p><img loading=\"lazy\" decoding=\"async\" class=\"alignnone size-full wp-image-792\" src=\"http:\/\/betonatort.fr\/wp-content\/uploads\/2018\/10\/Decontruction-17-rue-des-Tournelles.jpg\" alt=\"\" width=\"222\" height=\"167\" \/> <img loading=\"lazy\" decoding=\"async\" class=\"alignnone size-full wp-image-793\" src=\"http:\/\/betonatort.fr\/wp-content\/uploads\/2018\/10\/17-rue-des-Tournelles.jpg\" alt=\"\" width=\"226\" height=\"154\" \/><\/p>\n<p>La maison du Roman Populaire, un lieu de culture vient d&rsquo;\u00eatre d\u00e9truit en quelques heures. Les enfants des \u00e9coles venaient r\u00e9guli\u00e8rement,ce sont des jeunes du service jeunesse de l&rsquo;Ha\u00ff qui ont d\u00e9cor\u00e9 la porte coch\u00e8re,que penseront -ils devant les ruines ? Fini Honor\u00e9 de Balzac, Alexandre Dumas, \u00c9mile Zola, Maurice Leblanc, Eug\u00e8ne Sue, Paul F\u00e9val, Simenon, Agatha Christie, Bern\u00e8de, Gaboriaux&#8230;<\/p>\n<p>&nbsp;<\/p>\n<p><img loading=\"lazy\" decoding=\"async\" class=\"alignnone size-medium wp-image-802\" src=\"http:\/\/betonatort.fr\/wp-content\/uploads\/2018\/10\/fin-mai-2017-019-225x300.jpg\" alt=\"\" width=\"225\" height=\"300\" srcset=\"https:\/\/betonatort.fr\/wp-content\/uploads\/2018\/10\/fin-mai-2017-019-225x300.jpg 225w, https:\/\/betonatort.fr\/wp-content\/uploads\/2018\/10\/fin-mai-2017-019-768x1024.jpg 768w\" sizes=\"auto, (max-width: 225px) 100vw, 225px\" \/>\u00a0 <img loading=\"lazy\" decoding=\"async\" class=\"alignnone size-medium wp-image-804\" src=\"http:\/\/betonatort.fr\/wp-content\/uploads\/2018\/10\/Le-17-Interieur-300x225.jpg\" alt=\"\" width=\"300\" height=\"225\" srcset=\"https:\/\/betonatort.fr\/wp-content\/uploads\/2018\/10\/Le-17-Interieur-300x225.jpg 300w, https:\/\/betonatort.fr\/wp-content\/uploads\/2018\/10\/Le-17-Interieur.jpg 498w\" sizes=\"auto, (max-width: 300px) 100vw, 300px\" \/> <img loading=\"lazy\" decoding=\"async\" class=\"alignnone size-medium wp-image-805\" src=\"http:\/\/betonatort.fr\/wp-content\/uploads\/2018\/10\/mai-2014-013-300x225.jpg\" alt=\"\" width=\"300\" height=\"225\" srcset=\"https:\/\/betonatort.fr\/wp-content\/uploads\/2018\/10\/mai-2014-013-300x225.jpg 300w, https:\/\/betonatort.fr\/wp-content\/uploads\/2018\/10\/mai-2014-013-768x576.jpg 768w, https:\/\/betonatort.fr\/wp-content\/uploads\/2018\/10\/mai-2014-013-1024x768.jpg 1024w\" sizes=\"auto, (max-width: 300px) 100vw, 300px\" \/><\/p>\n","protected":false},"excerpt":{"rendered":"<p>La rue des Tournelles \u00e0 partir du 10\/10\/2018 Le 10 rue des Tournelles c&rsquo;est une maison du XVII\u00e8me si\u00e8cle qui vient de tomber. A gauche, on voit l&rsquo;arrondi du mur en h\u00e9micycle avec sa borne chasse-roues qui formait la moiti\u00e9 &hellip; <a href=\"https:\/\/betonatort.fr\/index.php\/demolitions\/\">Continuer la lecture <span class=\"meta-nav\">&rarr;<\/span><\/a><\/p>\n","protected":false},"author":1,"featured_media":0,"parent":0,"menu_order":0,"comment_status":"closed","ping_status":"closed","template":"","meta":{"_kadence_starter_templates_imported_post":false,"footnotes":""},"class_list":["post-748","page","type-page","status-publish","hentry"],"_links":{"self":[{"href":"https:\/\/betonatort.fr\/index.php\/wp-json\/wp\/v2\/pages\/748","targetHints":{"allow":["GET"]}}],"collection":[{"href":"https:\/\/betonatort.fr\/index.php\/wp-json\/wp\/v2\/pages"}],"about":[{"href":"https:\/\/betonatort.fr\/index.php\/wp-json\/wp\/v2\/types\/page"}],"author":[{"embeddable":true,"href":"https:\/\/betonatort.fr\/index.php\/wp-json\/wp\/v2\/users\/1"}],"replies":[{"embeddable":true,"href":"https:\/\/betonatort.fr\/index.php\/wp-json\/wp\/v2\/comments?post=748"}],"version-history":[{"count":16,"href":"https:\/\/betonatort.fr\/index.php\/wp-json\/wp\/v2\/pages\/748\/revisions"}],"predecessor-version":[{"id":1079,"href":"https:\/\/betonatort.fr\/index.php\/wp-json\/wp\/v2\/pages\/748\/revisions\/1079"}],"wp:attachment":[{"href":"https:\/\/betonatort.fr\/index.php\/wp-json\/wp\/v2\/media?parent=748"}],"curies":[{"name":"wp","href":"https:\/\/api.w.org\/{rel}","templated":true}]}}

Démolitions

<h1 class="entry-title"><span style="font-size: 14pt;">La rue des Tournelles à partir du 10/10/2018</span></h1>
<p><strong>Le 10 rue des Tournelles</strong></p>
<p><img loading="lazy" decoding="async" class="alignnone size-medium wp-image-749" src="http://betonatort.fr/wp-content/uploads/2018/10/10-rue-des-Tournelles-détruit-300x225.jpg" alt="" width="300" height="225" srcset="https://betonatort.fr/wp-content/uploads/2018/10/10-rue-des-Tournelles-détruit-300x225.jpg 300w, https://betonatort.fr/wp-content/uploads/2018/10/10-rue-des-Tournelles-détruit.jpg 522w" sizes="auto, (max-width: 300px) 100vw, 300px" /></p>
<p>c&rsquo;est une maison du XVIIème siècle qui vient de tomber. A gauche, on voit l&rsquo;arrondi du mur en hémicycle avec sa borne chasse-roues qui formait la moitié de l&rsquo;entrée de la propriété de Gaston de Grieu,prêvot des marchands de 1612 à 1614 à qui Marie de Médicis avait confié la réalisation de l&rsquo;aqueduc ; la maison attenante était la maison du gardien ou celle du jardinier.</p>
<p><img loading="lazy" decoding="async" class="alignnone size-medium wp-image-752" src="http://betonatort.fr/wp-content/uploads/2018/10/Cave-10-rue-des-Tournelles-200x300.jpg" alt="" width="200" height="300" srcset="https://betonatort.fr/wp-content/uploads/2018/10/Cave-10-rue-des-Tournelles-200x300.jpg 200w, https://betonatort.fr/wp-content/uploads/2018/10/Cave-10-rue-des-Tournelles.jpg 392w" sizes="auto, (max-width: 200px) 100vw, 200px" /></p>
<p>la cave du XVIème siècle qui est sous la maison et que l&rsquo;architecte des bâtiments de France avait demandé à préserver au printemps 2018. L&rsquo;architecte des bâtiments de France intervient dans le secteur des abords protégés du monument historique de la Roseraie. Son avis est conforme, c&rsquo;est à dire qu&rsquo;il n&rsquo;est pas possible au pétitionnaire de ne pas en tenir compte. Il peut faire un recours gracieux au préfet de région qui alors réunit une commission pour statuer. Ce n&rsquo;est pas ce qui s&rsquo;est produit.</p>
<p><strong>Les 17 et 17 bis de la rue des Tournelles<br />
</strong><strong>Ancienne ferme Savy avec le panneau « déconstruction » (???).</strong></p>
<p>Ce qui vient d&rsquo;être détruit est une architecture  typique de la région et véritable identité de la ville de l&rsquo;Hay.</p>
<p>Lucarne à foin, porche, chemin pavé et caves voutées remarquables du 16ème siècle, jardin en paliers bordé sur son côté est, par un vieux mur possédant encore l’un des derniers puits mitoyen de la rue des Tournelles sont des témoignages de l&rsquo;histoire de l&rsquo;Hay.  Les fenêtres au ras de la rue indique que cette maison faisait partie d&rsquo;un chais (les barriques n&rsquo;avaient pas besoin d&rsquo;être soulevées très haut).</p>
<p><img loading="lazy" decoding="async" class="alignnone size-full wp-image-792" src="http://betonatort.fr/wp-content/uploads/2018/10/Decontruction-17-rue-des-Tournelles.jpg" alt="" width="222" height="167" /> <img loading="lazy" decoding="async" class="alignnone size-full wp-image-793" src="http://betonatort.fr/wp-content/uploads/2018/10/17-rue-des-Tournelles.jpg" alt="" width="226" height="154" /></p>
<p>La maison du Roman Populaire, un lieu de culture vient d&rsquo;être détruit en quelques heures. Les enfants des écoles venaient régulièrement,ce sont des jeunes du service jeunesse de l&rsquo;Haÿ qui ont décoré la porte cochère,que penseront -ils devant les ruines ? Fini Honoré de Balzac, Alexandre Dumas, Émile Zola, Maurice Leblanc, Eugène Sue, Paul Féval, Simenon, Agatha Christie, Bernède, Gaboriaux&#8230;</p>
<p>&nbsp;</p>
<p><img loading="lazy" decoding="async" class="alignnone size-medium wp-image-802" src="http://betonatort.fr/wp-content/uploads/2018/10/fin-mai-2017-019-225x300.jpg" alt="" width="225" height="300" srcset="https://betonatort.fr/wp-content/uploads/2018/10/fin-mai-2017-019-225x300.jpg 225w, https://betonatort.fr/wp-content/uploads/2018/10/fin-mai-2017-019-768x1024.jpg 768w" sizes="auto, (max-width: 225px) 100vw, 225px" />  <img loading="lazy" decoding="async" class="alignnone size-medium wp-image-804" src="http://betonatort.fr/wp-content/uploads/2018/10/Le-17-Interieur-300x225.jpg" alt="" width="300" height="225" srcset="https://betonatort.fr/wp-content/uploads/2018/10/Le-17-Interieur-300x225.jpg 300w, https://betonatort.fr/wp-content/uploads/2018/10/Le-17-Interieur.jpg 498w" sizes="auto, (max-width: 300px) 100vw, 300px" /> <img loading="lazy" decoding="async" class="alignnone size-medium wp-image-805" src="http://betonatort.fr/wp-content/uploads/2018/10/mai-2014-013-300x225.jpg" alt="" width="300" height="225" srcset="https://betonatort.fr/wp-content/uploads/2018/10/mai-2014-013-300x225.jpg 300w, https://betonatort.fr/wp-content/uploads/2018/10/mai-2014-013-768x576.jpg 768w, https://betonatort.fr/wp-content/uploads/2018/10/mai-2014-013-1024x768.jpg 1024w" sizes="auto, (max-width: 300px) 100vw, 300px" /></p>

<p>La rue des Tournelles à partir du 10/10/2018 Le 10 rue des Tournelles c&rsquo;est une maison du XVIIème siècle qui vient de tomber. A gauche, on voit l&rsquo;arrondi du mur en hémicycle avec sa borne chasse-roues qui formait la moitié &hellip; <a href="https://betonatort.fr/index.php/demolitions/">Continuer la lecture <span class="meta-nav">&rarr;</span></a></p>
