{"id":44,"date":"2017-07-29T17:31:23","date_gmt":"2017-07-29T15:31:23","guid":{"rendered":"http:\/\/betonatort.fr\/?page_id=44"},"modified":"2020-03-02T12:51:14","modified_gmt":"2020-03-02T11:51:14","slug":"qui-sommes-nous","status":"publish","type":"page","link":"https:\/\/betonatort.fr\/index.php\/qui-sommes-nous\/","title":{"rendered":"Qui sommes-nous ?"},"content":{"rendered":"<p>&nbsp;<\/p>\n<p>Nous sommes un collectif de Riverains de l&rsquo;Ha\u00ff-les-Roses attach\u00e9s \u00e0 son environnement \u00e9cologique ainsi qu&rsquo;\u00e0 son patrimoine historique et architectural. Nous luttons pour la pr\u00e9servation des espaces verts, des trames vertes, et de la nature en ville.<\/p>\n<p>Le projet actuel de la municipalit\u00e9 aux abords du site remarquable de la Roseraie et de ses abords met en danger la Roseraie et le Parc d\u00e9partemental sur le plan de la biodiversit\u00e9, du paysage et de la ressource eau du sous sol.<\/p>\n<p>Notre initiative n&rsquo;est attach\u00e9e \u00e0 aucun mouvement ou parti politique, seul nous importe le respect du caract\u00e8re de notre ville et la concr\u00e9tisation d&rsquo;une<strong> v\u00e9ritable d\u00e9mocratie citoyenne<\/strong>. En effet, la municipalit\u00e9 a propos\u00e9 un projet cl\u00e9s en mains \u00e0 la population. La \u00ab\u00a0concertation\u00a0\u00bb s&rsquo;est traduite par deux r\u00e9unions publiques fin 2016, une adresse e-mail de concertation et un cahier en mairie. Cela, alors m\u00eame que les \u00e9tudes ont d\u00e9marr\u00e9 en 2015.<\/p>\n<p><strong>La bonne d\u00e9marche d\u00e9mocratique<\/strong> aurait \u00e9t\u00e9 de consulter la population et \u00e0 partir des demandes formul\u00e9es et des v\u00e9ritables besoins, de construire plusieurs propositions d&#8217;embellissements (6 ou 7)\u00a0 pour les soumettre aux L\u2019ha\u00ffssiens au pr\u00e9alable.<br \/>\n<strong><em>Nous sommes surs que les citoyens sont les plus \u00e0 m\u00eames de prendre les bonnes d\u00e9cisions en ce qui concerne leur propre environnement, l&rsquo;esth\u00e9tique du centre ville et la r\u00e9activation de l&rsquo;activit\u00e9 commer\u00e7ante.<\/em><\/strong><\/p>\n<p>Consid\u00e9rant qu&rsquo;il faut :<\/p>\n<p>1) <strong>un p\u00e9rim\u00e8tre de sauvegarde<\/strong> des abords de la Roseraie, class\u00e9e aux monuments historiques et labellis\u00e9e jardin remarquable (<a href=\"https:\/\/www.legifrance.gouv.fr\/affichCode.do;jsessionid=C27DC93C54556AB89F1C30C523E57554.tpdila23v_2?idSectionTA=LEGISCTA000033033342&amp;cidTexte=LEGITEXT000006074236&amp;dateTexte=20170713\">L.621-30 <\/a>et suivants du code du patrimoine). Faire une demande aupr\u00e8s du minist\u00e8re de la Culture pour <strong>un classement du centre ville en site patrimonial remarquable<\/strong> (abords de la Roseraie, rue des Tournelles, \u00e9glise saint-L\u00e9onard rue Jean Jaur\u00e8s).<\/p>\n<p>2) <strong>sauvegarder au maximum la v\u00e9g\u00e9tation<\/strong> <strong>pr\u00e9sente<\/strong> et notamment les arbres de haute tige qui forment un bouquet paysager visible du parc de la Roseraie et de la ville. Nul ne peut imaginer un instant de d\u00e9tente en plein \u00e9t\u00e9 sur une place b\u00e9tonn\u00e9e avec quelques arbres en pot comme dans le projet qui nous est pr\u00e9sent\u00e9.<\/p>\n<p>3)<strong> optimiser les parkings existants de fa\u00e7on \u00e0 laisser les voitures \u00e0 l&rsquo;entr\u00e9e du vieux l&rsquo;Ha\u00ff et favoriser les d\u00e9placements \u00e0 v\u00e9lo<\/strong> (parkings \u00e0 v\u00e9los et pistes cyclables) <strong>et les voies pi\u00e9tonnes<\/strong>.<\/p>\n<p>4) <strong>\u00e9viter d&rsquo;ajouter une grande surface<\/strong> de plus pr\u00e8s de la zone commer\u00e7ante et trouver de vraies solutions pour faire vivre les commerces et le centre ville. Une \u00e9tude et une r\u00e9vision du plan de circulation doivent permettre aux commerces de prosp\u00e9rer.<\/p>\n<p><strong>Rien n&rsquo;oblige \u00e0 construire de nouveaux b\u00e2timents en bordure de Roseraie qui est le v\u00e9ritable <em>Joyau<\/em> de notre ville. <\/strong><\/p>\n<p>Le territoire de l\u2019Ha\u00ff-les-Roses ne manque pas d&rsquo;espaces pour faire de nouvelles constructions sans toucher aux squares, parcs, jardins et \u00e0 la v\u00e9g\u00e9tation. Car avant tout, <strong>il faut privil\u00e9gier la r\u00e9novation<\/strong> pour tenter d&rsquo;am\u00e9liorer ce qu&rsquo;ont d\u00e9t\u00e9rior\u00e9 les ann\u00e9es 1970. Le centre-ville de l\u2019Ha\u00ff-les-Roses ne saurait s&rsquo;\u00e9taler sur pr\u00e8s de 2 km jusqu&rsquo;au m\u00e9tro. Cela n&rsquo;a pas de sens !<\/p>\n<p><strong>Le square Allende, abords de la Roseraie<\/strong> <strong>doit \u00eatre prot\u00e9g\u00e9 dans le PLU <\/strong>:<\/p>\n<p>Le square Allende est une continuit\u00e9 \u00e9cologique du Parc d\u00e9partemental. Ce qui signifie que les esp\u00e8ces prot\u00e9g\u00e9es du Parc d\u00e9partemental sont \u00e9galement pr\u00e9sentes dans le square. Les photos a\u00e9riennes montrent que le Parc Allende (actuel parking de la Roseraie) fait partie int\u00e9grante du trac\u00e9, par un \u00e9quilibre des zones arbor\u00e9es.<\/p>\n<p><strong>La Roseraie<\/strong> :<\/p>\n<p>C&rsquo;est le paysagiste \u00c9douard Andr\u00e9 qui a dessin\u00e9 les plans de La Roseraie , anc\u00eatre de nombreuses roseraies fran\u00e7aises. C&rsquo;est un patrimoine inscrit aux monuments historiques de tout premier plan.<\/p>\n<p>La Roseraie de l&rsquo;Hay est un site exceptionnel. C&rsquo;est une banque scientifique de conservation des rosiers anciens. Elle est reconnue par le Conservatoire des collections v\u00e9g\u00e9tales sp\u00e9cialis\u00e9es comme collection de r\u00e9f\u00e9rence pour les roses depuis 1991. Elle a re\u00e7u le \u00ab\u00a0Award garden of excellence\u00a0\u00bb d\u00e9cern\u00e9 par la f\u00e9d\u00e9ration mondiale des Soci\u00e9t\u00e9s de Roses en 1995.\u00a0Elle est class\u00e9e au patrimoine depuis 2005 et est <strong>labellis\u00e9e Jardin Remarquab<\/strong>le depuis 2011.<\/p>\n<p>Elle est donc un v\u00e9ritable <strong><em>Tr\u00e9sor<\/em><\/strong> sur lequel il faut veiller avec attention. C&rsquo;est pourquoi il faut inscrire le Label\u00a0 \u00ab\u00a0Jardin remarquable\u00a0\u00bb de la Roseraie <strong>dans le PLU<\/strong>.<\/p>\n<p>Le caract\u00e8re propre de l&rsquo;ancien village, le charme du coteau, de la rue des Tournelles sont \u00e0 conserver \u00e9galement car ils composent un ensemble paysager avec la Roseraie. Le centre ville doit avoir une coh\u00e9rence d&rsquo;ensemble, un acc\u00e8s pi\u00e9ton facilit\u00e9 pour les commerces, une circulation adoucie d&rsquo;entr\u00e9e de Parc et donner envie aux visiteurs de passage de profiter de l&rsquo;esprit des lieux.\u00a0 <strong><br \/>\n<\/strong><\/p>\n<p>Tout projet d&rsquo;am\u00e9nagement paysager doit imp\u00e9rativement <strong>respecter le bouquet arbor\u00e9 \u00e0 l&rsquo;arri\u00e8re-plan de la Roseraie<\/strong> pr\u00e9sent dans de nombreuses roseraies comme \u00e0 Bagatelle notamment mais aussi au parc de Saint-Cloud. Ces vues font partie de notre patrimoine et on peut les appr\u00e9cier dans de nombreux films diffus\u00e9s partout dans le monde.<\/p>\n<p><strong><span style=\"color: #ff0000;\">Nous appelons les habitants de l&rsquo;Ha\u00ff-les-Roses et du d\u00e9partement \u00e0 s&rsquo;exprimer pour la sauvegarde du patrimoine du Val-de-Marne.<\/span><\/strong><\/p>\n","protected":false},"excerpt":{"rendered":"<p>&nbsp; Nous sommes un collectif de Riverains de l&rsquo;Ha\u00ff-les-Roses attach\u00e9s \u00e0 son environnement \u00e9cologique ainsi qu&rsquo;\u00e0 son patrimoine historique et architectural. Nous luttons pour la pr\u00e9servation des espaces verts, des trames vertes, et de la nature en ville. Le projet &hellip; <a href=\"https:\/\/betonatort.fr\/index.php\/qui-sommes-nous\/\">Continuer la lecture <span class=\"meta-nav\">&rarr;<\/span><\/a><\/p>\n","protected":false},"author":1,"featured_media":0,"parent":0,"menu_order":0,"comment_status":"closed","ping_status":"closed","template":"","meta":{"_kadence_starter_templates_imported_post":false,"footnotes":""},"class_list":["post-44","page","type-page","status-publish","hentry"],"_links":{"self":[{"href":"https:\/\/betonatort.fr\/index.php\/wp-json\/wp\/v2\/pages\/44","targetHints":{"allow":["GET"]}}],"collection":[{"href":"https:\/\/betonatort.fr\/index.php\/wp-json\/wp\/v2\/pages"}],"about":[{"href":"https:\/\/betonatort.fr\/index.php\/wp-json\/wp\/v2\/types\/page"}],"author":[{"embeddable":true,"href":"https:\/\/betonatort.fr\/index.php\/wp-json\/wp\/v2\/users\/1"}],"replies":[{"embeddable":true,"href":"https:\/\/betonatort.fr\/index.php\/wp-json\/wp\/v2\/comments?post=44"}],"version-history":[{"count":31,"href":"https:\/\/betonatort.fr\/index.php\/wp-json\/wp\/v2\/pages\/44\/revisions"}],"predecessor-version":[{"id":996,"href":"https:\/\/betonatort.fr\/index.php\/wp-json\/wp\/v2\/pages\/44\/revisions\/996"}],"wp:attachment":[{"href":"https:\/\/betonatort.fr\/index.php\/wp-json\/wp\/v2\/media?parent=44"}],"curies":[{"name":"wp","href":"https:\/\/api.w.org\/{rel}","templated":true}]}}

<p>&nbsp;</p>
<p>Nous sommes un collectif de Riverains de l&rsquo;Haÿ-les-Roses attachés à son environnement écologique ainsi qu&rsquo;à son patrimoine historique et architectural. Nous luttons pour la préservation des espaces verts, des trames vertes, et de la nature en ville.</p>
<p>Le projet actuel de la municipalité aux abords du site remarquable de la Roseraie et de ses abords met en danger la Roseraie et le Parc départemental sur le plan de la biodiversité, du paysage et de la ressource eau du sous sol.</p>
<p>Notre initiative n&rsquo;est attachée à aucun mouvement ou parti politique, seul nous importe le respect du caractère de notre ville et la concrétisation d&rsquo;une<strong> véritable démocratie citoyenne</strong>. En effet, la municipalité a proposé un projet clés en mains à la population. La « concertation » s&rsquo;est traduite par deux réunions publiques fin 2016, une adresse e-mail de concertation et un cahier en mairie. Cela, alors même que les études ont démarré en 2015.</p>
<p><strong>La bonne démarche démocratique</strong> aurait été de consulter la population et à partir des demandes formulées et des véritables besoins, de construire plusieurs propositions d&#8217;embellissements (6 ou 7)  pour les soumettre aux L’haÿssiens au préalable.<br />
<strong><em>Nous sommes surs que les citoyens sont les plus à mêmes de prendre les bonnes décisions en ce qui concerne leur propre environnement, l&rsquo;esthétique du centre ville et la réactivation de l&rsquo;activité commerçante.</em></strong></p>
<p>Considérant qu&rsquo;il faut :</p>
<p>1) <strong>un périmètre de sauvegarde</strong> des abords de la Roseraie, classée aux monuments historiques et labellisée jardin remarquable (<a href="https://www.legifrance.gouv.fr/affichCode.do;jsessionid=C27DC93C54556AB89F1C30C523E57554.tpdila23v_2?idSectionTA=LEGISCTA000033033342&amp;cidTexte=LEGITEXT000006074236&amp;dateTexte=20170713">L.621-30 </a>et suivants du code du patrimoine). Faire une demande auprès du ministère de la Culture pour <strong>un classement du centre ville en site patrimonial remarquable</strong> (abords de la Roseraie, rue des Tournelles, église saint-Léonard rue Jean Jaurès).</p>
<p>2) <strong>sauvegarder au maximum la végétation</strong> <strong>présente</strong> et notamment les arbres de haute tige qui forment un bouquet paysager visible du parc de la Roseraie et de la ville. Nul ne peut imaginer un instant de détente en plein été sur une place bétonnée avec quelques arbres en pot comme dans le projet qui nous est présenté.</p>
<p>3)<strong> optimiser les parkings existants de façon à laisser les voitures à l&rsquo;entrée du vieux l&rsquo;Haÿ et favoriser les déplacements à vélo</strong> (parkings à vélos et pistes cyclables) <strong>et les voies piétonnes</strong>.</p>
<p>4) <strong>éviter d&rsquo;ajouter une grande surface</strong> de plus près de la zone commerçante et trouver de vraies solutions pour faire vivre les commerces et le centre ville. Une étude et une révision du plan de circulation doivent permettre aux commerces de prospérer.</p>
<p><strong>Rien n&rsquo;oblige à construire de nouveaux bâtiments en bordure de Roseraie qui est le véritable <em>Joyau</em> de notre ville. </strong></p>
<p>Le territoire de l’Haÿ-les-Roses ne manque pas d&rsquo;espaces pour faire de nouvelles constructions sans toucher aux squares, parcs, jardins et à la végétation. Car avant tout, <strong>il faut privilégier la rénovation</strong> pour tenter d&rsquo;améliorer ce qu&rsquo;ont détérioré les années 1970. Le centre-ville de l’Haÿ-les-Roses ne saurait s&rsquo;étaler sur près de 2 km jusqu&rsquo;au métro. Cela n&rsquo;a pas de sens !</p>
<p><strong>Le square Allende, abords de la Roseraie</strong> <strong>doit être protégé dans le PLU </strong>:</p>
<p>Le square Allende est une continuité écologique du Parc départemental. Ce qui signifie que les espèces protégées du Parc départemental sont également présentes dans le square. Les photos aériennes montrent que le Parc Allende (actuel parking de la Roseraie) fait partie intégrante du tracé, par un équilibre des zones arborées.</p>
<p><strong>La Roseraie</strong> :</p>
<p>C&rsquo;est le paysagiste Édouard André qui a dessiné les plans de La Roseraie , ancêtre de nombreuses roseraies françaises. C&rsquo;est un patrimoine inscrit aux monuments historiques de tout premier plan.</p>
<p>La Roseraie de l&rsquo;Hay est un site exceptionnel. C&rsquo;est une banque scientifique de conservation des rosiers anciens. Elle est reconnue par le Conservatoire des collections végétales spécialisées comme collection de référence pour les roses depuis 1991. Elle a reçu le « Award garden of excellence » décerné par la fédération mondiale des Sociétés de Roses en 1995. Elle est classée au patrimoine depuis 2005 et est <strong>labellisée Jardin Remarquab</strong>le depuis 2011.</p>
<p>Elle est donc un véritable <strong><em>Trésor</em></strong> sur lequel il faut veiller avec attention. C&rsquo;est pourquoi il faut inscrire le Label  « Jardin remarquable » de la Roseraie <strong>dans le PLU</strong>.</p>
<p>Le caractère propre de l&rsquo;ancien village, le charme du coteau, de la rue des Tournelles sont à conserver également car ils composent un ensemble paysager avec la Roseraie. Le centre ville doit avoir une cohérence d&rsquo;ensemble, un accès piéton facilité pour les commerces, une circulation adoucie d&rsquo;entrée de Parc et donner envie aux visiteurs de passage de profiter de l&rsquo;esprit des lieux.  <strong><br />
</strong></p>
<p>Tout projet d&rsquo;aménagement paysager doit impérativement <strong>respecter le bouquet arboré à l&rsquo;arrière-plan de la Roseraie</strong> présent dans de nombreuses roseraies comme à Bagatelle notamment mais aussi au parc de Saint-Cloud. Ces vues font partie de notre patrimoine et on peut les apprécier dans de nombreux films diffusés partout dans le monde.</p>
<p><strong><span style="color: #ff0000;">Nous appelons les habitants de l&rsquo;Haÿ-les-Roses et du département à s&rsquo;exprimer pour la sauvegarde du patrimoine du Val-de-Marne.</span></strong></p>

<p>&nbsp; Nous sommes un collectif de Riverains de l&rsquo;Haÿ-les-Roses attachés à son environnement écologique ainsi qu&rsquo;à son patrimoine historique et architectural. Nous luttons pour la préservation des espaces verts, des trames vertes, et de la nature en ville. Le projet &hellip; <a href="https://betonatort.fr/index.php/qui-sommes-nous/">Continuer la lecture <span class="meta-nav">&rarr;</span></a></p>
