{"id":40,"date":"2017-07-29T17:28:45","date_gmt":"2017-07-29T15:28:45","guid":{"rendered":"http:\/\/betonatort.fr\/?page_id=40"},"modified":"2018-02-09T12:42:33","modified_gmt":"2018-02-09T11:42:33","slug":"perspective-de-la-roseraie","status":"publish","type":"page","link":"https:\/\/betonatort.fr\/index.php\/perspective-de-la-roseraie\/","title":{"rendered":"Perspective de la Roseraie"},"content":{"rendered":"<h4 style=\"text-align: left;\"><strong>Vue actuelle depuis la Roseraie<\/strong> <strong>(photo n\u00b01)<\/strong><br \/>\n<strong>1(a)<\/strong> <em>Premier plan : Roseraie <\/em><br \/>\n<em>Arri\u00e8re plan : tous les arbres sont les arbres du parking et seraient ras\u00e9s dans le projet, on verrait \u00e0 la place les immeubles de 15 m\u00e8tres <\/em><\/h4>\n<h4><strong>1(b)<\/strong> <em>La vue a\u00e9rienne montre tr\u00e8s bien le boisement de l&rsquo;espace actuellement utilis\u00e9 comme parking + les jardins des maisons pr\u00e9empt\u00e9es en bordure de Roseraie<br \/>\n<\/em><\/h4>\n<h4 style=\"text-align: left;\"><em><a href=\"http:\/\/betonatort.fr\/wp-content\/uploads\/2017\/07\/DSC_0206.jpg\"><img loading=\"lazy\" decoding=\"async\" class=\"wp-image-447 size-medium alignnone\" src=\"http:\/\/betonatort.fr\/wp-content\/uploads\/2017\/07\/DSC_0206-300x199.jpg\" alt=\"\" width=\"300\" height=\"199\" srcset=\"https:\/\/betonatort.fr\/wp-content\/uploads\/2017\/07\/DSC_0206-300x199.jpg 300w, https:\/\/betonatort.fr\/wp-content\/uploads\/2017\/07\/DSC_0206-768x509.jpg 768w, https:\/\/betonatort.fr\/wp-content\/uploads\/2017\/07\/DSC_0206-1024x678.jpg 1024w\" sizes=\"auto, (max-width: 300px) 100vw, 300px\" \/><\/a><a href=\"http:\/\/betonatort.fr\/wp-content\/uploads\/2017\/07\/Roseraie.bmp\"><img loading=\"lazy\" decoding=\"async\" class=\"alignnone wp-image-141\" src=\"http:\/\/betonatort.fr\/wp-content\/uploads\/2017\/07\/Roseraie-300x184.jpg\" alt=\"\" width=\"324\" height=\"198\" srcset=\"https:\/\/betonatort.fr\/wp-content\/uploads\/2017\/07\/Roseraie-300x184.jpg 300w, https:\/\/betonatort.fr\/wp-content\/uploads\/2017\/07\/Roseraie-768x470.jpg 768w, https:\/\/betonatort.fr\/wp-content\/uploads\/2017\/07\/Roseraie.bmp 1006w\" sizes=\"auto, (max-width: 324px) 100vw, 324px\" \/><\/a><\/em><\/h4>\n<p style=\"text-align: left;\"><strong>1(a)\u00a0\u00a0\u00a0\u00a0\u00a0\u00a0\u00a0\u00a0\u00a0\u00a0\u00a0\u00a0\u00a0\u00a0\u00a0\u00a0\u00a0\u00a0\u00a0\u00a0\u00a0\u00a0\u00a0\u00a0\u00a0\u00a0\u00a0\u00a0\u00a0\u00a0\u00a0\u00a0\u00a0\u00a0\u00a0\u00a0\u00a0\u00a0\u00a0\u00a0\u00a0\u00a0\u00a0\u00a0\u00a0\u00a0\u00a0\u00a0\u00a0\u00a0\u00a0\u00a0\u00a0\u00a0\u00a0\u00a0\u00a0\u00a0\u00a0\u00a0\u00a0\u00a0\u00a0\u00a0 \u00a0\u00a0 1(b)<br \/>\n<\/strong><\/p>\n<h4 style=\"text-align: left;\"><strong>Vues depuis le parc de la Roseraie (photos 2 \u00e0 5)<br \/>\n<\/strong><em>Le paysage en arri\u00e8re-plan est menac\u00e9 avec sa vue sur l&rsquo;\u00e9glise du IXe et XIVe si\u00e8cle.<br \/>\n<\/em><\/h4>\n<p><a href=\"http:\/\/betonatort.fr\/wp-content\/uploads\/2017\/07\/DSC_0013.jpg\"><img loading=\"lazy\" decoding=\"async\" class=\"alignnone wp-image-462 size-medium\" src=\"http:\/\/betonatort.fr\/wp-content\/uploads\/2017\/07\/DSC_0013-300x199.jpg\" alt=\"\" width=\"300\" height=\"199\" srcset=\"https:\/\/betonatort.fr\/wp-content\/uploads\/2017\/07\/DSC_0013-300x199.jpg 300w, https:\/\/betonatort.fr\/wp-content\/uploads\/2017\/07\/DSC_0013-768x509.jpg 768w, https:\/\/betonatort.fr\/wp-content\/uploads\/2017\/07\/DSC_0013-1024x678.jpg 1024w\" sizes=\"auto, (max-width: 300px) 100vw, 300px\" \/> <\/a><a href=\"http:\/\/betonatort.fr\/wp-content\/uploads\/2017\/07\/DSC_0987.jpg\"><img loading=\"lazy\" decoding=\"async\" class=\"alignnone wp-image-469 size-medium\" src=\"http:\/\/betonatort.fr\/wp-content\/uploads\/2017\/07\/DSC_0987-300x199.jpg\" alt=\"\" width=\"300\" height=\"199\" srcset=\"https:\/\/betonatort.fr\/wp-content\/uploads\/2017\/07\/DSC_0987-300x199.jpg 300w, https:\/\/betonatort.fr\/wp-content\/uploads\/2017\/07\/DSC_0987-768x509.jpg 768w, https:\/\/betonatort.fr\/wp-content\/uploads\/2017\/07\/DSC_0987-1024x678.jpg 1024w\" sizes=\"auto, (max-width: 300px) 100vw, 300px\" \/><\/a><strong><br \/>\n2\u00a0\u00a0\u00a0\u00a0\u00a0\u00a0\u00a0\u00a0\u00a0\u00a0\u00a0\u00a0\u00a0\u00a0\u00a0\u00a0\u00a0\u00a0\u00a0\u00a0\u00a0\u00a0\u00a0\u00a0\u00a0\u00a0\u00a0\u00a0\u00a0\u00a0\u00a0\u00a0\u00a0\u00a0\u00a0\u00a0\u00a0\u00a0\u00a0\u00a0\u00a0\u00a0\u00a0\u00a0\u00a0\u00a0\u00a0\u00a0\u00a0\u00a0\u00a0\u00a0\u00a0\u00a0\u00a0\u00a0\u00a0\u00a0\u00a0\u00a0\u00a0\u00a0\u00a0\u00a0\u00a0\u00a0\u00a0\u00a0\u00a0\u00a0\u00a0\u00a0 3<\/strong><br \/>\n<a href=\"http:\/\/betonatort.fr\/wp-content\/uploads\/2017\/07\/DSC_0065.jpg\"><img loading=\"lazy\" decoding=\"async\" class=\"alignnone wp-image-466 size-medium\" src=\"http:\/\/betonatort.fr\/wp-content\/uploads\/2017\/07\/DSC_0065-300x199.jpg\" alt=\"\" width=\"300\" height=\"199\" srcset=\"https:\/\/betonatort.fr\/wp-content\/uploads\/2017\/07\/DSC_0065-300x199.jpg 300w, https:\/\/betonatort.fr\/wp-content\/uploads\/2017\/07\/DSC_0065-768x509.jpg 768w, https:\/\/betonatort.fr\/wp-content\/uploads\/2017\/07\/DSC_0065-1024x678.jpg 1024w\" sizes=\"auto, (max-width: 300px) 100vw, 300px\" \/><\/a> <a href=\"http:\/\/betonatort.fr\/wp-content\/uploads\/2017\/07\/DSC_0032-e1502386260408.jpg\"><img loading=\"lazy\" decoding=\"async\" class=\"alignnone wp-image-463 size-medium\" src=\"http:\/\/betonatort.fr\/wp-content\/uploads\/2017\/07\/DSC_0032-e1502386260408-199x300.jpg\" alt=\"\" width=\"199\" height=\"300\" srcset=\"https:\/\/betonatort.fr\/wp-content\/uploads\/2017\/07\/DSC_0032-e1502386260408-199x300.jpg 199w, https:\/\/betonatort.fr\/wp-content\/uploads\/2017\/07\/DSC_0032-e1502386260408-768x1160.jpg 768w, https:\/\/betonatort.fr\/wp-content\/uploads\/2017\/07\/DSC_0032-e1502386260408-678x1024.jpg 678w\" sizes=\"auto, (max-width: 199px) 100vw, 199px\" \/><\/a><br \/>\n<strong>4\u00a0\u00a0\u00a0\u00a0\u00a0\u00a0\u00a0\u00a0\u00a0\u00a0\u00a0\u00a0\u00a0\u00a0\u00a0\u00a0\u00a0\u00a0\u00a0\u00a0\u00a0\u00a0\u00a0\u00a0\u00a0\u00a0\u00a0\u00a0\u00a0\u00a0\u00a0\u00a0\u00a0\u00a0\u00a0\u00a0\u00a0\u00a0\u00a0\u00a0\u00a0\u00a0\u00a0\u00a0\u00a0\u00a0\u00a0\u00a0\u00a0\u00a0\u00a0\u00a0\u00a0\u00a0\u00a0\u00a0\u00a0\u00a0\u00a0\u00a0\u00a0\u00a0\u00a0\u00a0\u00a0\u00a0\u00a0\u00a0\u00a0\u00a0\u00a0\u00a0 5<\/strong><\/p>\n<h4><strong>Les photos 6 et 7 montrent que le clocher de l&rsquo;\u00e9glise Saint-L\u00e9onard est dans le champ de visibilit\u00e9 de la Roseraie<br \/>\n<\/strong><em>La photo 6 est prise en hiver depuis la Roseraie et la photo 7<\/em><em>\u00a0 en plein \u00e9t\u00e9 derri\u00e8re les serres dans le parc. On retrouve un paysage ancien, de campagne, parfaitement \u00e9pargn\u00e9 par la ville o\u00f9 l&rsquo;on se sent bien.<br \/>\n<\/em><\/h4>\n<p><img loading=\"lazy\" decoding=\"async\" class=\"alignnone wp-image-329 size-medium\" title=\"Perspective sur le clocher depuis la Roseraie en hiver\" src=\"http:\/\/betonatort.fr\/wp-content\/uploads\/2017\/07\/Perspective-de-la-Roseraie-en-hiver-300x168.jpg\" alt=\"\" width=\"300\" height=\"168\" srcset=\"https:\/\/betonatort.fr\/wp-content\/uploads\/2017\/07\/Perspective-de-la-Roseraie-en-hiver-300x168.jpg 300w, https:\/\/betonatort.fr\/wp-content\/uploads\/2017\/07\/Perspective-de-la-Roseraie-en-hiver.jpg 644w\" sizes=\"auto, (max-width: 300px) 100vw, 300px\" \/> <img loading=\"lazy\" decoding=\"async\" class=\"alignnone wp-image-330\" title=\"Clocher depuis la Roseraie\" src=\"http:\/\/betonatort.fr\/wp-content\/uploads\/2017\/07\/Clocher-depuis-Roseraie-300x140.jpg\" alt=\"\" width=\"336\" height=\"157\" srcset=\"https:\/\/betonatort.fr\/wp-content\/uploads\/2017\/07\/Clocher-depuis-Roseraie-300x140.jpg 300w, https:\/\/betonatort.fr\/wp-content\/uploads\/2017\/07\/Clocher-depuis-Roseraie-768x360.jpg 768w, https:\/\/betonatort.fr\/wp-content\/uploads\/2017\/07\/Clocher-depuis-Roseraie-1024x479.jpg 1024w\" sizes=\"auto, (max-width: 336px) 100vw, 336px\" \/><br \/>\n6<strong>\u00a0\u00a0\u00a0\u00a0\u00a0\u00a0\u00a0\u00a0\u00a0\u00a0\u00a0\u00a0\u00a0\u00a0\u00a0\u00a0\u00a0\u00a0\u00a0\u00a0\u00a0\u00a0\u00a0\u00a0\u00a0\u00a0\u00a0\u00a0\u00a0\u00a0\u00a0\u00a0\u00a0\u00a0\u00a0\u00a0\u00a0\u00a0\u00a0\u00a0\u00a0\u00a0\u00a0\u00a0\u00a0\u00a0\u00a0\u00a0\u00a0\u00a0\u00a0\u00a0\u00a0\u00a0\u00a0\u00a0\u00a0\u00a0\u00a0\u00a0\u00a0\u00a0\u00a0\u00a0\u00a0\u00a0\u00a0\u00a0\u00a0\u00a0\u00a0 7<br \/>\n<\/strong><\/p>\n<p><em>Sur la photo 8, ci-apr\u00e8s, prise dans le parc de Saint-Cloud, on voit que le clocher fait partie int\u00e9grante du paysage et de la perspective, tout comme \u00e0 la Roseraie de l&rsquo;Ha\u00ff. C&rsquo;est donc un \u00e9l\u00e9ment important du jardin et qui donne le sentiment d&rsquo;intemporalit\u00e9.<\/em><\/p>\n<p style=\"text-align: center;\"><a href=\"http:\/\/betonatort.fr\/wp-content\/uploads\/2017\/07\/Saint-Cloud.jpg\"><img loading=\"lazy\" decoding=\"async\" class=\"aligncenter wp-image-332 size-medium\" title=\"Le clocher de Saint-Cloud au milieu des roses\" src=\"http:\/\/betonatort.fr\/wp-content\/uploads\/2017\/07\/Saint-Cloud-300x199.jpg\" alt=\"\" width=\"300\" height=\"199\" srcset=\"https:\/\/betonatort.fr\/wp-content\/uploads\/2017\/07\/Saint-Cloud-300x199.jpg 300w, https:\/\/betonatort.fr\/wp-content\/uploads\/2017\/07\/Saint-Cloud-768x509.jpg 768w, https:\/\/betonatort.fr\/wp-content\/uploads\/2017\/07\/Saint-Cloud-1024x678.jpg 1024w\" sizes=\"auto, (max-width: 300px) 100vw, 300px\" \/><\/a><\/p>\n<p style=\"text-align: center;\"><strong>8<br \/>\n<\/strong><\/p>\n","protected":false},"excerpt":{"rendered":"<p>Vue actuelle depuis la Roseraie (photo n\u00b01) 1(a) Premier plan : Roseraie Arri\u00e8re plan : tous les arbres sont les arbres du parking et seraient ras\u00e9s dans le projet, on verrait \u00e0 la place les immeubles de 15 m\u00e8tres 1(b) &hellip; <a href=\"https:\/\/betonatort.fr\/index.php\/perspective-de-la-roseraie\/\">Continuer la lecture <span class=\"meta-nav\">&rarr;<\/span><\/a><\/p>\n","protected":false},"author":1,"featured_media":0,"parent":0,"menu_order":0,"comment_status":"closed","ping_status":"closed","template":"","meta":{"_kadence_starter_templates_imported_post":false,"footnotes":""},"class_list":["post-40","page","type-page","status-publish","hentry"],"_links":{"self":[{"href":"https:\/\/betonatort.fr\/index.php\/wp-json\/wp\/v2\/pages\/40","targetHints":{"allow":["GET"]}}],"collection":[{"href":"https:\/\/betonatort.fr\/index.php\/wp-json\/wp\/v2\/pages"}],"about":[{"href":"https:\/\/betonatort.fr\/index.php\/wp-json\/wp\/v2\/types\/page"}],"author":[{"embeddable":true,"href":"https:\/\/betonatort.fr\/index.php\/wp-json\/wp\/v2\/users\/1"}],"replies":[{"embeddable":true,"href":"https:\/\/betonatort.fr\/index.php\/wp-json\/wp\/v2\/comments?post=40"}],"version-history":[{"count":19,"href":"https:\/\/betonatort.fr\/index.php\/wp-json\/wp\/v2\/pages\/40\/revisions"}],"predecessor-version":[{"id":740,"href":"https:\/\/betonatort.fr\/index.php\/wp-json\/wp\/v2\/pages\/40\/revisions\/740"}],"wp:attachment":[{"href":"https:\/\/betonatort.fr\/index.php\/wp-json\/wp\/v2\/media?parent=40"}],"curies":[{"name":"wp","href":"https:\/\/api.w.org\/{rel}","templated":true}]}}

<h4 style="text-align: left;"><strong>Vue actuelle depuis la Roseraie</strong> <strong>(photo n°1)</strong><br />
<strong>1(a)</strong> <em>Premier plan : Roseraie </em><br />
<em>Arrière plan : tous les arbres sont les arbres du parking et seraient rasés dans le projet, on verrait à la place les immeubles de 15 mètres </em></h4>
<h4><strong>1(b)</strong> <em>La vue aérienne montre très bien le boisement de l&rsquo;espace actuellement utilisé comme parking + les jardins des maisons préemptées en bordure de Roseraie<br />
</em></h4>
<h4 style="text-align: left;"><em><a href="http://betonatort.fr/wp-content/uploads/2017/07/DSC_0206.jpg"><img loading="lazy" decoding="async" class="wp-image-447 size-medium alignnone" src="http://betonatort.fr/wp-content/uploads/2017/07/DSC_0206-300x199.jpg" alt="" width="300" height="199" srcset="https://betonatort.fr/wp-content/uploads/2017/07/DSC_0206-300x199.jpg 300w, https://betonatort.fr/wp-content/uploads/2017/07/DSC_0206-768x509.jpg 768w, https://betonatort.fr/wp-content/uploads/2017/07/DSC_0206-1024x678.jpg 1024w" sizes="auto, (max-width: 300px) 100vw, 300px" /></a><a href="http://betonatort.fr/wp-content/uploads/2017/07/Roseraie.bmp"><img loading="lazy" decoding="async" class="alignnone wp-image-141" src="http://betonatort.fr/wp-content/uploads/2017/07/Roseraie-300x184.jpg" alt="" width="324" height="198" srcset="https://betonatort.fr/wp-content/uploads/2017/07/Roseraie-300x184.jpg 300w, https://betonatort.fr/wp-content/uploads/2017/07/Roseraie-768x470.jpg 768w, https://betonatort.fr/wp-content/uploads/2017/07/Roseraie.bmp 1006w" sizes="auto, (max-width: 324px) 100vw, 324px" /></a></em></h4>
<p style="text-align: left;"><strong>1(a)                                                                    1(b)<br />
</strong></p>
<h4 style="text-align: left;"><strong>Vues depuis le parc de la Roseraie (photos 2 à 5)<br />
</strong><em>Le paysage en arrière-plan est menacé avec sa vue sur l&rsquo;église du IXe et XIVe siècle.<br />
</em></h4>
<p><a href="http://betonatort.fr/wp-content/uploads/2017/07/DSC_0013.jpg"><img loading="lazy" decoding="async" class="alignnone wp-image-462 size-medium" src="http://betonatort.fr/wp-content/uploads/2017/07/DSC_0013-300x199.jpg" alt="" width="300" height="199" srcset="https://betonatort.fr/wp-content/uploads/2017/07/DSC_0013-300x199.jpg 300w, https://betonatort.fr/wp-content/uploads/2017/07/DSC_0013-768x509.jpg 768w, https://betonatort.fr/wp-content/uploads/2017/07/DSC_0013-1024x678.jpg 1024w" sizes="auto, (max-width: 300px) 100vw, 300px" /> </a><a href="http://betonatort.fr/wp-content/uploads/2017/07/DSC_0987.jpg"><img loading="lazy" decoding="async" class="alignnone wp-image-469 size-medium" src="http://betonatort.fr/wp-content/uploads/2017/07/DSC_0987-300x199.jpg" alt="" width="300" height="199" srcset="https://betonatort.fr/wp-content/uploads/2017/07/DSC_0987-300x199.jpg 300w, https://betonatort.fr/wp-content/uploads/2017/07/DSC_0987-768x509.jpg 768w, https://betonatort.fr/wp-content/uploads/2017/07/DSC_0987-1024x678.jpg 1024w" sizes="auto, (max-width: 300px) 100vw, 300px" /></a><strong><br />
2                                                                         3</strong><br />
<a href="http://betonatort.fr/wp-content/uploads/2017/07/DSC_0065.jpg"><img loading="lazy" decoding="async" class="alignnone wp-image-466 size-medium" src="http://betonatort.fr/wp-content/uploads/2017/07/DSC_0065-300x199.jpg" alt="" width="300" height="199" srcset="https://betonatort.fr/wp-content/uploads/2017/07/DSC_0065-300x199.jpg 300w, https://betonatort.fr/wp-content/uploads/2017/07/DSC_0065-768x509.jpg 768w, https://betonatort.fr/wp-content/uploads/2017/07/DSC_0065-1024x678.jpg 1024w" sizes="auto, (max-width: 300px) 100vw, 300px" /></a> <a href="http://betonatort.fr/wp-content/uploads/2017/07/DSC_0032-e1502386260408.jpg"><img loading="lazy" decoding="async" class="alignnone wp-image-463 size-medium" src="http://betonatort.fr/wp-content/uploads/2017/07/DSC_0032-e1502386260408-199x300.jpg" alt="" width="199" height="300" srcset="https://betonatort.fr/wp-content/uploads/2017/07/DSC_0032-e1502386260408-199x300.jpg 199w, https://betonatort.fr/wp-content/uploads/2017/07/DSC_0032-e1502386260408-768x1160.jpg 768w, https://betonatort.fr/wp-content/uploads/2017/07/DSC_0032-e1502386260408-678x1024.jpg 678w" sizes="auto, (max-width: 199px) 100vw, 199px" /></a><br />
<strong>4                                                                         5</strong></p>
<h4><strong>Les photos 6 et 7 montrent que le clocher de l&rsquo;église Saint-Léonard est dans le champ de visibilité de la Roseraie<br />
</strong><em>La photo 6 est prise en hiver depuis la Roseraie et la photo 7</em><em>  en plein été derrière les serres dans le parc. On retrouve un paysage ancien, de campagne, parfaitement épargné par la ville où l&rsquo;on se sent bien.<br />
</em></h4>
<p><img loading="lazy" decoding="async" class="alignnone wp-image-329 size-medium" title="Perspective sur le clocher depuis la Roseraie en hiver" src="http://betonatort.fr/wp-content/uploads/2017/07/Perspective-de-la-Roseraie-en-hiver-300x168.jpg" alt="" width="300" height="168" srcset="https://betonatort.fr/wp-content/uploads/2017/07/Perspective-de-la-Roseraie-en-hiver-300x168.jpg 300w, https://betonatort.fr/wp-content/uploads/2017/07/Perspective-de-la-Roseraie-en-hiver.jpg 644w" sizes="auto, (max-width: 300px) 100vw, 300px" /> <img loading="lazy" decoding="async" class="alignnone wp-image-330" title="Clocher depuis la Roseraie" src="http://betonatort.fr/wp-content/uploads/2017/07/Clocher-depuis-Roseraie-300x140.jpg" alt="" width="336" height="157" srcset="https://betonatort.fr/wp-content/uploads/2017/07/Clocher-depuis-Roseraie-300x140.jpg 300w, https://betonatort.fr/wp-content/uploads/2017/07/Clocher-depuis-Roseraie-768x360.jpg 768w, https://betonatort.fr/wp-content/uploads/2017/07/Clocher-depuis-Roseraie-1024x479.jpg 1024w" sizes="auto, (max-width: 336px) 100vw, 336px" /><br />
6<strong>                                                                        7<br />
</strong></p>
<p><em>Sur la photo 8, ci-après, prise dans le parc de Saint-Cloud, on voit que le clocher fait partie intégrante du paysage et de la perspective, tout comme à la Roseraie de l&rsquo;Haÿ. C&rsquo;est donc un élément important du jardin et qui donne le sentiment d&rsquo;intemporalité.</em></p>
<p style="text-align: center;"><a href="http://betonatort.fr/wp-content/uploads/2017/07/Saint-Cloud.jpg"><img loading="lazy" decoding="async" class="aligncenter wp-image-332 size-medium" title="Le clocher de Saint-Cloud au milieu des roses" src="http://betonatort.fr/wp-content/uploads/2017/07/Saint-Cloud-300x199.jpg" alt="" width="300" height="199" srcset="https://betonatort.fr/wp-content/uploads/2017/07/Saint-Cloud-300x199.jpg 300w, https://betonatort.fr/wp-content/uploads/2017/07/Saint-Cloud-768x509.jpg 768w, https://betonatort.fr/wp-content/uploads/2017/07/Saint-Cloud-1024x678.jpg 1024w" sizes="auto, (max-width: 300px) 100vw, 300px" /></a></p>
<p style="text-align: center;"><strong>8<br />
</strong></p>

<p>Vue actuelle depuis la Roseraie (photo n°1) 1(a) Premier plan : Roseraie Arrière plan : tous les arbres sont les arbres du parking et seraient rasés dans le projet, on verrait à la place les immeubles de 15 mètres 1(b) &hellip; <a href="https://betonatort.fr/index.php/perspective-de-la-roseraie/">Continuer la lecture <span class="meta-nav">&rarr;</span></a></p>
