{"id":33,"date":"2017-07-29T17:21:02","date_gmt":"2017-07-29T15:21:02","guid":{"rendered":"http:\/\/betonatort.fr\/?page_id=33"},"modified":"2017-08-02T02:09:37","modified_gmt":"2017-08-02T00:09:37","slug":"perspective-rue-des-tournelles","status":"publish","type":"page","link":"https:\/\/betonatort.fr\/index.php\/perspective-rue-des-tournelles\/","title":{"rendered":"Perspective rue des Tournelles"},"content":{"rendered":"<h4><strong>La rue des Tournelles (photo n\u00b01) t\u00e9moigne du pass\u00e9 de la ville entre fermettes rurales et meuli\u00e8res. L&rsquo;ensemble des jardins de cette rue forme le paysage naturel en arri\u00e8re-plan de la Roseraie: <\/strong><\/h4>\n<p><em>Dans le projet de centre ville, le jardin de cette maison (photo n\u00b02) est ras\u00e9 ainsi que la plupart des arbres. Ce sont ces arbres que l&rsquo;on voit depuis la Roseraie (photos 3 et 4).<\/em><\/p>\n<p><a href=\"http:\/\/betonatort.fr\/wp-content\/uploads\/2017\/07\/DSC_0252.jpg\"><img loading=\"lazy\" decoding=\"async\" class=\"alignnone wp-image-170 size-medium\" src=\"http:\/\/betonatort.fr\/wp-content\/uploads\/2017\/07\/DSC_0252-300x199.jpg\" alt=\"\" width=\"300\" height=\"199\" srcset=\"https:\/\/betonatort.fr\/wp-content\/uploads\/2017\/07\/DSC_0252-300x199.jpg 300w, https:\/\/betonatort.fr\/wp-content\/uploads\/2017\/07\/DSC_0252-768x509.jpg 768w, https:\/\/betonatort.fr\/wp-content\/uploads\/2017\/07\/DSC_0252-1024x678.jpg 1024w\" sizes=\"auto, (max-width: 300px) 100vw, 300px\" \/><\/a> <a href=\"http:\/\/betonatort.fr\/wp-content\/uploads\/2017\/07\/DSC_0163.jpg\"><img loading=\"lazy\" decoding=\"async\" class=\"alignnone wp-image-171 size-medium\" src=\"http:\/\/betonatort.fr\/wp-content\/uploads\/2017\/07\/DSC_0163-300x199.jpg\" alt=\"\" width=\"300\" height=\"199\" srcset=\"https:\/\/betonatort.fr\/wp-content\/uploads\/2017\/07\/DSC_0163-300x199.jpg 300w, https:\/\/betonatort.fr\/wp-content\/uploads\/2017\/07\/DSC_0163-768x509.jpg 768w, https:\/\/betonatort.fr\/wp-content\/uploads\/2017\/07\/DSC_0163-1024x678.jpg 1024w\" sizes=\"auto, (max-width: 300px) 100vw, 300px\" \/><\/a> <strong><br \/>\n1\u00a0\u00a0\u00a0\u00a0\u00a0\u00a0\u00a0\u00a0\u00a0\u00a0\u00a0\u00a0\u00a0\u00a0\u00a0\u00a0\u00a0\u00a0\u00a0\u00a0\u00a0\u00a0\u00a0\u00a0\u00a0\u00a0\u00a0\u00a0\u00a0\u00a0\u00a0\u00a0\u00a0\u00a0\u00a0\u00a0\u00a0\u00a0\u00a0\u00a0\u00a0\u00a0\u00a0\u00a0\u00a0\u00a0\u00a0\u00a0\u00a0\u00a0\u00a0\u00a0\u00a0\u00a0\u00a0\u00a0\u00a0\u00a0\u00a0\u00a0\u00a0\u00a0\u00a0\u00a0\u00a0\u00a0\u00a0\u00a0\u00a0\u00a0\u00a0\u00a0\u00a0 2<\/strong><\/p>\n<p><a href=\"http:\/\/betonatort.fr\/wp-content\/uploads\/2017\/07\/DSC_0299.jpg\"><img loading=\"lazy\" decoding=\"async\" class=\"alignnone wp-image-172 size-medium\" src=\"http:\/\/betonatort.fr\/wp-content\/uploads\/2017\/07\/DSC_0299-300x199.jpg\" alt=\"\" width=\"300\" height=\"199\" srcset=\"https:\/\/betonatort.fr\/wp-content\/uploads\/2017\/07\/DSC_0299-300x199.jpg 300w, https:\/\/betonatort.fr\/wp-content\/uploads\/2017\/07\/DSC_0299-768x509.jpg 768w, https:\/\/betonatort.fr\/wp-content\/uploads\/2017\/07\/DSC_0299-1024x678.jpg 1024w\" sizes=\"auto, (max-width: 300px) 100vw, 300px\" \/><\/a><a href=\"http:\/\/betonatort.fr\/wp-content\/uploads\/2017\/07\/DSC_0297.jpg\"><img loading=\"lazy\" decoding=\"async\" class=\"alignnone wp-image-173 size-medium\" src=\"http:\/\/betonatort.fr\/wp-content\/uploads\/2017\/07\/DSC_0297-300x199.jpg\" alt=\"\" width=\"300\" height=\"199\" srcset=\"https:\/\/betonatort.fr\/wp-content\/uploads\/2017\/07\/DSC_0297-300x199.jpg 300w, https:\/\/betonatort.fr\/wp-content\/uploads\/2017\/07\/DSC_0297-768x509.jpg 768w, https:\/\/betonatort.fr\/wp-content\/uploads\/2017\/07\/DSC_0297-1024x678.jpg 1024w\" sizes=\"auto, (max-width: 300px) 100vw, 300px\" \/><\/a><strong><br \/>\n3\u00a0\u00a0\u00a0\u00a0\u00a0\u00a0\u00a0\u00a0\u00a0\u00a0\u00a0\u00a0\u00a0\u00a0\u00a0\u00a0\u00a0\u00a0\u00a0\u00a0\u00a0\u00a0\u00a0\u00a0\u00a0\u00a0\u00a0\u00a0\u00a0\u00a0\u00a0\u00a0\u00a0\u00a0\u00a0\u00a0\u00a0\u00a0\u00a0\u00a0\u00a0\u00a0\u00a0\u00a0\u00a0\u00a0\u00a0\u00a0\u00a0\u00a0\u00a0\u00a0\u00a0\u00a0\u00a0\u00a0\u00a0\u00a0\u00a0\u00a0\u00a0\u00a0\u00a0\u00a0\u00a0\u00a0\u00a0\u00a0\u00a0\u00a0\u00a0\u00a0 4<\/strong><\/p>\n<p><em>A l&rsquo;entr\u00e9e de la rue des Tournelles, ces deux maisons anciennes et leurs jardins seraient int\u00e9gralement ras\u00e9es dans le projet (photos 5 et 6).<\/em><\/p>\n<p><a href=\"http:\/\/betonatort.fr\/wp-content\/uploads\/2017\/07\/DSC_0173.jpg\"><img loading=\"lazy\" decoding=\"async\" class=\"alignnone wp-image-175 size-medium\" src=\"http:\/\/betonatort.fr\/wp-content\/uploads\/2017\/07\/DSC_0173-300x199.jpg\" alt=\"\" width=\"300\" height=\"199\" srcset=\"https:\/\/betonatort.fr\/wp-content\/uploads\/2017\/07\/DSC_0173-300x199.jpg 300w, https:\/\/betonatort.fr\/wp-content\/uploads\/2017\/07\/DSC_0173-768x509.jpg 768w, https:\/\/betonatort.fr\/wp-content\/uploads\/2017\/07\/DSC_0173-1024x678.jpg 1024w\" sizes=\"auto, (max-width: 300px) 100vw, 300px\" \/><\/a><a href=\"http:\/\/betonatort.fr\/wp-content\/uploads\/2017\/07\/DSC_0120.jpg\"><img loading=\"lazy\" decoding=\"async\" class=\"alignnone wp-image-176 size-medium\" src=\"http:\/\/betonatort.fr\/wp-content\/uploads\/2017\/07\/DSC_0120-300x199.jpg\" alt=\"\" width=\"300\" height=\"199\" srcset=\"https:\/\/betonatort.fr\/wp-content\/uploads\/2017\/07\/DSC_0120-300x199.jpg 300w, https:\/\/betonatort.fr\/wp-content\/uploads\/2017\/07\/DSC_0120-768x509.jpg 768w, https:\/\/betonatort.fr\/wp-content\/uploads\/2017\/07\/DSC_0120-1024x678.jpg 1024w\" sizes=\"auto, (max-width: 300px) 100vw, 300px\" \/><\/a><strong><br \/>\n5\u00a0\u00a0\u00a0\u00a0\u00a0\u00a0\u00a0\u00a0\u00a0\u00a0\u00a0\u00a0\u00a0\u00a0\u00a0\u00a0\u00a0\u00a0\u00a0\u00a0\u00a0\u00a0\u00a0\u00a0\u00a0\u00a0\u00a0\u00a0\u00a0\u00a0\u00a0\u00a0\u00a0\u00a0\u00a0\u00a0\u00a0\u00a0\u00a0\u00a0\u00a0\u00a0\u00a0\u00a0\u00a0\u00a0\u00a0\u00a0\u00a0\u00a0\u00a0\u00a0\u00a0\u00a0\u00a0\u00a0\u00a0\u00a0\u00a0\u00a0\u00a0\u00a0\u00a0\u00a0\u00a0\u00a0\u00a0\u00a0\u00a0\u00a0\u00a0\u00a0\u00a0\u00a0 6<\/strong><\/p>\n<p><a href=\"http:\/\/betonatort.fr\/wp-content\/uploads\/2017\/07\/DSC_0189.jpg\"><img loading=\"lazy\" decoding=\"async\" class=\"wp-image-177 size-medium alignnone\" src=\"http:\/\/betonatort.fr\/wp-content\/uploads\/2017\/07\/DSC_0189-300x199.jpg\" alt=\"\" width=\"300\" height=\"199\" srcset=\"https:\/\/betonatort.fr\/wp-content\/uploads\/2017\/07\/DSC_0189-300x199.jpg 300w, https:\/\/betonatort.fr\/wp-content\/uploads\/2017\/07\/DSC_0189-768x509.jpg 768w, https:\/\/betonatort.fr\/wp-content\/uploads\/2017\/07\/DSC_0189-1024x678.jpg 1024w\" sizes=\"auto, (max-width: 300px) 100vw, 300px\" \/><\/a><em><strong><br \/>\n7<\/strong><br \/>\nLa maison du roman populaire (photo n\u00b07) install\u00e9e dans la ferme Savy est menac\u00e9e d&rsquo;\u00eatre ras\u00e9e pour un autre projet immobilier.<\/em><\/p>\n<p><a href=\"http:\/\/betonatort.fr\/wp-content\/uploads\/2017\/07\/DSC_0260.jpg\"><img loading=\"lazy\" decoding=\"async\" class=\"alignnone wp-image-180 size-medium\" src=\"http:\/\/betonatort.fr\/wp-content\/uploads\/2017\/07\/DSC_0260-300x199.jpg\" alt=\"\" width=\"300\" height=\"199\" srcset=\"https:\/\/betonatort.fr\/wp-content\/uploads\/2017\/07\/DSC_0260-300x199.jpg 300w, https:\/\/betonatort.fr\/wp-content\/uploads\/2017\/07\/DSC_0260-768x509.jpg 768w, https:\/\/betonatort.fr\/wp-content\/uploads\/2017\/07\/DSC_0260-1024x678.jpg 1024w\" sizes=\"auto, (max-width: 300px) 100vw, 300px\" \/><\/a><a href=\"http:\/\/betonatort.fr\/wp-content\/uploads\/2017\/07\/DSC_0221.jpg\"><img loading=\"lazy\" decoding=\"async\" class=\"alignnone wp-image-181 size-medium\" src=\"http:\/\/betonatort.fr\/wp-content\/uploads\/2017\/07\/DSC_0221-300x199.jpg\" alt=\"\" width=\"300\" height=\"199\" srcset=\"https:\/\/betonatort.fr\/wp-content\/uploads\/2017\/07\/DSC_0221-300x199.jpg 300w, https:\/\/betonatort.fr\/wp-content\/uploads\/2017\/07\/DSC_0221-768x509.jpg 768w, https:\/\/betonatort.fr\/wp-content\/uploads\/2017\/07\/DSC_0221-1024x678.jpg 1024w\" sizes=\"auto, (max-width: 300px) 100vw, 300px\" \/><\/a><strong>8\u00a0\u00a0\u00a0\u00a0\u00a0\u00a0\u00a0\u00a0\u00a0\u00a0\u00a0\u00a0\u00a0\u00a0\u00a0\u00a0\u00a0\u00a0\u00a0\u00a0\u00a0\u00a0\u00a0\u00a0\u00a0\u00a0\u00a0\u00a0\u00a0\u00a0\u00a0\u00a0\u00a0\u00a0\u00a0\u00a0\u00a0\u00a0\u00a0\u00a0\u00a0\u00a0\u00a0\u00a0\u00a0\u00a0\u00a0\u00a0\u00a0\u00a0\u00a0\u00a0\u00a0\u00a0\u00a0\u00a0\u00a0\u00a0\u00a0\u00a0\u00a0\u00a0\u00a0\u00a0\u00a0\u00a0\u00a0\u00a0\u00a0\u00a0 9<\/strong><\/p>\n<p><em>Les photos 8 et 9 montrent en arri\u00e8re-plan la continuit\u00e9 qui existe entre les jardins de la rue des Tournelles et le parc de la Roseraie. L&rsquo;ensemble patrimonial constitu\u00e9 par la rue des Tournelles et la Roseraie m\u00e9rite d&rsquo;\u00eatre prot\u00e9g\u00e9 en privil\u00e9giant la continuit\u00e9 \u00e9cologique par la pr\u00e9servation des espaces publics et priv\u00e9s arbor\u00e9s et la r\u00e9novation des maisons anciennes.<\/em><\/p>\n<p><a href=\"http:\/\/betonatort.fr\/wp-content\/uploads\/2017\/07\/Maison-Saint-Vincent.jpg\"><img loading=\"lazy\" decoding=\"async\" class=\"wp-image-178 alignnone\" src=\"http:\/\/betonatort.fr\/wp-content\/uploads\/2017\/07\/Maison-Saint-Vincent-286x300.jpg\" alt=\"\" width=\"188\" height=\"197\" srcset=\"https:\/\/betonatort.fr\/wp-content\/uploads\/2017\/07\/Maison-Saint-Vincent-286x300.jpg 286w, https:\/\/betonatort.fr\/wp-content\/uploads\/2017\/07\/Maison-Saint-Vincent-768x805.jpg 768w, https:\/\/betonatort.fr\/wp-content\/uploads\/2017\/07\/Maison-Saint-Vincent-977x1024.jpg 977w\" sizes=\"auto, (max-width: 188px) 100vw, 188px\" \/><\/a><\/p>\n","protected":false},"excerpt":{"rendered":"<p>La rue des Tournelles (photo n\u00b01) t\u00e9moigne du pass\u00e9 de la ville entre fermettes rurales et meuli\u00e8res. L&rsquo;ensemble des jardins de cette rue forme le paysage naturel en arri\u00e8re-plan de la Roseraie: Dans le projet de centre ville, le jardin &hellip; <a href=\"https:\/\/betonatort.fr\/index.php\/perspective-rue-des-tournelles\/\">Continuer la lecture <span class=\"meta-nav\">&rarr;<\/span><\/a><\/p>\n","protected":false},"author":1,"featured_media":0,"parent":0,"menu_order":0,"comment_status":"closed","ping_status":"closed","template":"","meta":{"_kadence_starter_templates_imported_post":false,"footnotes":""},"class_list":["post-33","page","type-page","status-publish","hentry"],"_links":{"self":[{"href":"https:\/\/betonatort.fr\/index.php\/wp-json\/wp\/v2\/pages\/33","targetHints":{"allow":["GET"]}}],"collection":[{"href":"https:\/\/betonatort.fr\/index.php\/wp-json\/wp\/v2\/pages"}],"about":[{"href":"https:\/\/betonatort.fr\/index.php\/wp-json\/wp\/v2\/types\/page"}],"author":[{"embeddable":true,"href":"https:\/\/betonatort.fr\/index.php\/wp-json\/wp\/v2\/users\/1"}],"replies":[{"embeddable":true,"href":"https:\/\/betonatort.fr\/index.php\/wp-json\/wp\/v2\/comments?post=33"}],"version-history":[{"count":12,"href":"https:\/\/betonatort.fr\/index.php\/wp-json\/wp\/v2\/pages\/33\/revisions"}],"predecessor-version":[{"id":302,"href":"https:\/\/betonatort.fr\/index.php\/wp-json\/wp\/v2\/pages\/33\/revisions\/302"}],"wp:attachment":[{"href":"https:\/\/betonatort.fr\/index.php\/wp-json\/wp\/v2\/media?parent=33"}],"curies":[{"name":"wp","href":"https:\/\/api.w.org\/{rel}","templated":true}]}}

<h4><strong>La rue des Tournelles (photo n°1) témoigne du passé de la ville entre fermettes rurales et meulières. L&rsquo;ensemble des jardins de cette rue forme le paysage naturel en arrière-plan de la Roseraie: </strong></h4>
<p><em>Dans le projet de centre ville, le jardin de cette maison (photo n°2) est rasé ainsi que la plupart des arbres. Ce sont ces arbres que l&rsquo;on voit depuis la Roseraie (photos 3 et 4).</em></p>
<p><a href="http://betonatort.fr/wp-content/uploads/2017/07/DSC_0252.jpg"><img loading="lazy" decoding="async" class="alignnone wp-image-170 size-medium" src="http://betonatort.fr/wp-content/uploads/2017/07/DSC_0252-300x199.jpg" alt="" width="300" height="199" srcset="https://betonatort.fr/wp-content/uploads/2017/07/DSC_0252-300x199.jpg 300w, https://betonatort.fr/wp-content/uploads/2017/07/DSC_0252-768x509.jpg 768w, https://betonatort.fr/wp-content/uploads/2017/07/DSC_0252-1024x678.jpg 1024w" sizes="auto, (max-width: 300px) 100vw, 300px" /></a> <a href="http://betonatort.fr/wp-content/uploads/2017/07/DSC_0163.jpg"><img loading="lazy" decoding="async" class="alignnone wp-image-171 size-medium" src="http://betonatort.fr/wp-content/uploads/2017/07/DSC_0163-300x199.jpg" alt="" width="300" height="199" srcset="https://betonatort.fr/wp-content/uploads/2017/07/DSC_0163-300x199.jpg 300w, https://betonatort.fr/wp-content/uploads/2017/07/DSC_0163-768x509.jpg 768w, https://betonatort.fr/wp-content/uploads/2017/07/DSC_0163-1024x678.jpg 1024w" sizes="auto, (max-width: 300px) 100vw, 300px" /></a> <strong><br />
1                                                                          2</strong></p>
<p><a href="http://betonatort.fr/wp-content/uploads/2017/07/DSC_0299.jpg"><img loading="lazy" decoding="async" class="alignnone wp-image-172 size-medium" src="http://betonatort.fr/wp-content/uploads/2017/07/DSC_0299-300x199.jpg" alt="" width="300" height="199" srcset="https://betonatort.fr/wp-content/uploads/2017/07/DSC_0299-300x199.jpg 300w, https://betonatort.fr/wp-content/uploads/2017/07/DSC_0299-768x509.jpg 768w, https://betonatort.fr/wp-content/uploads/2017/07/DSC_0299-1024x678.jpg 1024w" sizes="auto, (max-width: 300px) 100vw, 300px" /></a><a href="http://betonatort.fr/wp-content/uploads/2017/07/DSC_0297.jpg"><img loading="lazy" decoding="async" class="alignnone wp-image-173 size-medium" src="http://betonatort.fr/wp-content/uploads/2017/07/DSC_0297-300x199.jpg" alt="" width="300" height="199" srcset="https://betonatort.fr/wp-content/uploads/2017/07/DSC_0297-300x199.jpg 300w, https://betonatort.fr/wp-content/uploads/2017/07/DSC_0297-768x509.jpg 768w, https://betonatort.fr/wp-content/uploads/2017/07/DSC_0297-1024x678.jpg 1024w" sizes="auto, (max-width: 300px) 100vw, 300px" /></a><strong><br />
3                                                                         4</strong></p>
<p><em>A l&rsquo;entrée de la rue des Tournelles, ces deux maisons anciennes et leurs jardins seraient intégralement rasées dans le projet (photos 5 et 6).</em></p>
<p><a href="http://betonatort.fr/wp-content/uploads/2017/07/DSC_0173.jpg"><img loading="lazy" decoding="async" class="alignnone wp-image-175 size-medium" src="http://betonatort.fr/wp-content/uploads/2017/07/DSC_0173-300x199.jpg" alt="" width="300" height="199" srcset="https://betonatort.fr/wp-content/uploads/2017/07/DSC_0173-300x199.jpg 300w, https://betonatort.fr/wp-content/uploads/2017/07/DSC_0173-768x509.jpg 768w, https://betonatort.fr/wp-content/uploads/2017/07/DSC_0173-1024x678.jpg 1024w" sizes="auto, (max-width: 300px) 100vw, 300px" /></a><a href="http://betonatort.fr/wp-content/uploads/2017/07/DSC_0120.jpg"><img loading="lazy" decoding="async" class="alignnone wp-image-176 size-medium" src="http://betonatort.fr/wp-content/uploads/2017/07/DSC_0120-300x199.jpg" alt="" width="300" height="199" srcset="https://betonatort.fr/wp-content/uploads/2017/07/DSC_0120-300x199.jpg 300w, https://betonatort.fr/wp-content/uploads/2017/07/DSC_0120-768x509.jpg 768w, https://betonatort.fr/wp-content/uploads/2017/07/DSC_0120-1024x678.jpg 1024w" sizes="auto, (max-width: 300px) 100vw, 300px" /></a><strong><br />
5                                                                           6</strong></p>
<p><a href="http://betonatort.fr/wp-content/uploads/2017/07/DSC_0189.jpg"><img loading="lazy" decoding="async" class="wp-image-177 size-medium alignnone" src="http://betonatort.fr/wp-content/uploads/2017/07/DSC_0189-300x199.jpg" alt="" width="300" height="199" srcset="https://betonatort.fr/wp-content/uploads/2017/07/DSC_0189-300x199.jpg 300w, https://betonatort.fr/wp-content/uploads/2017/07/DSC_0189-768x509.jpg 768w, https://betonatort.fr/wp-content/uploads/2017/07/DSC_0189-1024x678.jpg 1024w" sizes="auto, (max-width: 300px) 100vw, 300px" /></a><em><strong><br />
7</strong><br />
La maison du roman populaire (photo n°7) installée dans la ferme Savy est menacée d&rsquo;être rasée pour un autre projet immobilier.</em></p>
<p><a href="http://betonatort.fr/wp-content/uploads/2017/07/DSC_0260.jpg"><img loading="lazy" decoding="async" class="alignnone wp-image-180 size-medium" src="http://betonatort.fr/wp-content/uploads/2017/07/DSC_0260-300x199.jpg" alt="" width="300" height="199" srcset="https://betonatort.fr/wp-content/uploads/2017/07/DSC_0260-300x199.jpg 300w, https://betonatort.fr/wp-content/uploads/2017/07/DSC_0260-768x509.jpg 768w, https://betonatort.fr/wp-content/uploads/2017/07/DSC_0260-1024x678.jpg 1024w" sizes="auto, (max-width: 300px) 100vw, 300px" /></a><a href="http://betonatort.fr/wp-content/uploads/2017/07/DSC_0221.jpg"><img loading="lazy" decoding="async" class="alignnone wp-image-181 size-medium" src="http://betonatort.fr/wp-content/uploads/2017/07/DSC_0221-300x199.jpg" alt="" width="300" height="199" srcset="https://betonatort.fr/wp-content/uploads/2017/07/DSC_0221-300x199.jpg 300w, https://betonatort.fr/wp-content/uploads/2017/07/DSC_0221-768x509.jpg 768w, https://betonatort.fr/wp-content/uploads/2017/07/DSC_0221-1024x678.jpg 1024w" sizes="auto, (max-width: 300px) 100vw, 300px" /></a><strong>8                                                                       9</strong></p>
<p><em>Les photos 8 et 9 montrent en arrière-plan la continuité qui existe entre les jardins de la rue des Tournelles et le parc de la Roseraie. L&rsquo;ensemble patrimonial constitué par la rue des Tournelles et la Roseraie mérite d&rsquo;être protégé en privilégiant la continuité écologique par la préservation des espaces publics et privés arborés et la rénovation des maisons anciennes.</em></p>
<p><a href="http://betonatort.fr/wp-content/uploads/2017/07/Maison-Saint-Vincent.jpg"><img loading="lazy" decoding="async" class="wp-image-178 alignnone" src="http://betonatort.fr/wp-content/uploads/2017/07/Maison-Saint-Vincent-286x300.jpg" alt="" width="188" height="197" srcset="https://betonatort.fr/wp-content/uploads/2017/07/Maison-Saint-Vincent-286x300.jpg 286w, https://betonatort.fr/wp-content/uploads/2017/07/Maison-Saint-Vincent-768x805.jpg 768w, https://betonatort.fr/wp-content/uploads/2017/07/Maison-Saint-Vincent-977x1024.jpg 977w" sizes="auto, (max-width: 188px) 100vw, 188px" /></a></p>

<p>La rue des Tournelles (photo n°1) témoigne du passé de la ville entre fermettes rurales et meulières. L&rsquo;ensemble des jardins de cette rue forme le paysage naturel en arrière-plan de la Roseraie: Dans le projet de centre ville, le jardin &hellip; <a href="https://betonatort.fr/index.php/perspective-rue-des-tournelles/">Continuer la lecture <span class="meta-nav">&rarr;</span></a></p>
